= -x**3 - 10*x**2 + x + 13. Let o be u(-10). Suppose 2*t - o*t = -3*t. Determine s(t).
-6
Let q(v) be the first derivative of 2*v**3 + 1/4*v**4 + 5*v + 3/2*v**2 + 16. What is q(-5)?
15
Let c(l) = 4*l + 2. Let d be (-22)/(-3)*6*(-5)/20. Let w(s) be the second derivative of s**4/12 + 5*s**3/3 - 13*s**2/2 + s. Let z be w(d). Calculate c(z).
-6
Let d(g) = 4*g**2 + 2*g - 12. Let p(i) = -3*i**2 - 2*i + 10. Let h(z) = -2*d(z) - 3*p(z). What is h(-5)?
9
Let q(v) = -446 + 2*v**2 + 446. Determine q(-1).
2
Let k(j) = j**3 + 6*j**2 + 6*j + 1. Let s(i) = 2*i**2 + 5*i + 5. Let p be s(-4). Suppose p = 5*q - 23. Suppose -14*t + q = -16*t. Determine k(t).
9
Let l = 4 - 5. Let i(t) = 9*t**2 + t - 6. Let k(r) = -10*r**2 - r + 7. Let h(j) = -7*i(j) - 6*k(j). Determine h(l).
-2
Let k(t) = -t**3 - 4*t**2 + t + 4. Let z be 9/(-2)*(-8)/6. Suppose 4*n + 2*f = z*f, 0 = -2*n - 3*f - 20. Determine k(n).
0
Let t(n) = -n**2 + 8*n + 6. Let g be 11 - (-6)/18*3*-1. Calculate t(g).
-14
Let s(u) = u**3 - 11*u**2 - 11*u - 17. Let v be s(12). Let n(f) = -4*f**2 + 3*f. Let i(d) = -12*d**2 + 8*d. Let c(q) = v*i(q) + 14*n(q). Calculate c(-2).
12
Let a(t) = t**3 + 13*t**2 + 15*t + 17. Suppose 4*w = -3*r - 7 - 13, -2*w = -2*r - 32. Give a(r).
-19
Let l(u) = -u**2 + u + 3*u - 7 + 3*u. Let o(m) = 7 - 5 + m**2 + 6 - 3 - 2*m. Let b be o(0). What is l(b)?
3
Let d(s) be the third derivative of -s**4/12 + 3*s**3/2 - 4*s**2. Let f be d(5). Let h(k) = 7*k**3 - k**2 - k - 1. What is h(f)?
-8
Let n(p) = 3*p**3 - p**2 + 11*p + 6. Let b(m) = 4*m**3 - 4*m**2 + 13*m + 7. Let c(y) = 2*b(y) - 3*n(y). Suppose -4*v = -0*v + 16. What is c(v)?
8
Let o(q) = -q**2 + 9*q - 8. Let s be (-68)/(-51)*(21/6 + 1). What is o(s)?
10
Let j(d) = -55*d**2 + 24*d**2 + 28*d**2 + 2 + 4*d. Give j(4).
-30
Let u(k) = k**3 - 23*k**2 - 24*k + 2. Let b = -2262 - -2286. Determine u(b).
2
Let m(q) = -3*q - 21. Let x be (-5)/(-10)*-8 + -5. Determine m(x).
6
Suppose -11*d + 1435 = 335. Let m(v) = -1 + 0*v + 0*v + d*v**2 - 83*v**2. Calculate m(1).
16
Let v(o) be the second derivative of 13*o**5/120 + 7*o**3/6 + 10*o. Let c(a) be the second derivative of v(a). What is c(1)?
13
Let s(o) be the first derivative of 1/2*o**2 - 8 - 1/3*o**3 + 2*o. Let m(j) = 2*j**3 + j**2 - j. Let v be m(1). Determine s(v).
0
Let r(f) be the first derivative of -f**6/120 + 7*f**5/60 + 3*f**4/8 - 5*f**3/6 - 13*f**2 - 21. Let b(g) be the second derivative of r(g). What is b(8)?
3
Suppose -4 - 2 = -6*k. Let q(y) be the first derivative of 1 + y + 7/4*y**4 + 0*y**2 + 0*y**3. What is q(k)?
8
Let q(u) = -u. Let m be 3 + (-230)/25 - 1/(-5). Let i(t) = -t**3 - 7*t**2 - 4*t + 13. Let w be i(m). Give q(w).
-1
Suppose -4*y - 3*l = -19, -33*y + 5*l - 21 = -37*y. Let m(w) = -4*w + 10. What is m(y)?
-6
Let y(j) = j**3 + j**2 + j + 1. Let t(a) = 3*a**3 + 8*a**2 + 6*a - 3. Let h(v) = t(v) - 4*y(v). Determine h(4).
1
Let s(m) = m**2 + 5*m - 2. Let l(f) = -49*f**2 - 2*f + 2. Let y be l(1). Let x be y/7 + (1 - -2). Determine s(x).
-6
Let h(x) = -2*x**2 - 3*x + 7. Suppose 3*q - 6*m + 3*m = -12, -13 = 4*q - m. Determine h(q).
-2
Let k(c) = -c + 1 - 4 + 6. Suppose 0 = -h + 4 - 0. Suppose 0 = -2*f - h*y, 5*y = 2*f + 3*f. What is k(f)?
3
Let s(z) = z**2 + 41*z + 6. Let x be s(-41). Let r(h) = h**2 - 7*h + 2. Determine r(x).
-4
Let r(m) be the third derivative of -5*m**4/24 - m**3 - 47*m**2 + 2. Calculate r(5).
-31
Let m = -30 + 36. Suppose z + m = -0*z. Let u(l) = -2 + 4*l + 0 - 3*l. Determine u(z).
-8
Let f(g) = 8 + g + 0*g + 2*g - 2. Let w be f(0). Let s(o) = -o**3 + 6*o**2 + o + 8. Calculate s(w).
14
Suppose b + 20 = -4*b. Let v be b + ((-76)/(-4) - 2). Let w(s) = 14*s - s**2 - s**3 + v*s + 2 - 26*s. Give w(0).
2
Suppose 2*k + 4 = -2*a + 16, -4*k = 5*a - 27. Let h(m) = 5*m + 0*m**3 + 2*m**2 - 2*m**3 - m + 1 + m**3. Give h(k).
4
Let n(d) = 107 - 40 - 11*d - 62. Give n(4).
-39
Let s(r) be the first derivative of -r**2/2 - 5*r + 1. Let n be 2/(-3)*(-8 + 30/6). Suppose -t = n*v - 10, -5*v + 4*t + 32 = 7. Determine s(v).
-10
Let k(j) be the second derivative of -33*j - 4/3*j**3 + 0 - 1/12*j**4 - 5/2*j**2. Calculate k(-9).
-14
Let p(h) = -h**3 - 8*h**2 - 14*h - 1. Let k be p(-4). Let y(v) = v**3 + 10*v**2 + 7*v - 10. What is y(k)?
8
Let q(l) be the third derivative of -l**5/60 - l**4/6 + 11*l**3/6 + 5*l**2. Let x be q(-6). Let v(f) = -6*f**2. Give v(x).
-6
Suppose -40*o + 615 = o. Let n(z) = -z + 18. Determine n(o).
3
Let w(a) be the third derivative of -a**7/2520 - a**6/144 - 7*a**4/8 + 12*a**2. Let h(g) be the second derivative of w(g). Determine h(-6).
-6
Let t(z) be the second derivative of 7*z**3/6 - 5*z**2/2 + 27*z. Calculate t(4).
23
Let w(u) = -198*u**2 + 103*u**2 + 94*u**2 + 4 + 4*u. Let r(l) = -l + 11. Let d be r(5). Determine w(d).
-8
Suppose k + 2*t = -2*t + 18, 28 = 2*k + 4*t. Suppose -2 = -6*a + k. Let l(s) = -1 + 4 + 2*s + s**3 - 5*s. What is l(a)?
5
Let a(m) be the third derivative of -m**6/120 - m**5/30 + m**4/24 + 7*m**3/6 - 69*m**2 - 1. Give a(-3).
13
Let f = 96 - 85. Suppose 14*r - 3 = f*r. Let c(x) = 5*x**2 - x**2 - 2*x**2. Calculate c(r).
2
Suppose 5*n = 3*s + 2 + 10, 2*s + n = 5. Let p = 0 - -5. Let d(g) = -4*g - 2 + 1 + p*g - g**2. Determine d(s).
-1
Let r be (1 + (-30)/12)*10. Let x be (8/(-4))/(10/r). Let a(k) = -3*k**2 - k - 3. Determine a(x).
-33
Let s(d) = -d - 5. Let g be (36 - 8)*(-6)/(-8). Suppose g*n - 20*n = -6. Give s(n).
1
Let d(v) be the second derivative of v**4/12 + v**3/2 - 110*v. Suppose 0*i + 4 = -i. Let s be i/(-2) + -5 + 0. Calculate d(s).
0
Let d be 1*(-22 + 4 + -1). Let b = d - -15. Let a(n) = n**3 + 4*n**2 - 1. What is a(b)?
-1
Let g be ((-136)/612)/(((-2)/(-36))/(-4 - -3)). Let w(l) = -l**2 - 1 + l + 5 + 2*l. Give w(g).
0
Let u(l) = l**2 + 14*l + 13. Let i(h) = 3*h - 59. Let a be i(15). Determine u(a).
13
Let s(f) be the first derivative of -f**4/4 - 2*f**3/3 + f**2 - f + 147. Calculate s(2).
-13
Let m(b) = -b**2 + 1. Suppose 4*t = -3*v + 15, v - 4 = -3*v. Calculate m(t).
-8
Let r(f) = -2*f + 25. Let i be r(5). Let w = i - 22. Let j(s) = -s**2 - 7*s - 2. What is j(w)?
-2
Suppose 4*b - 7 + 3 = 0. Let q(v) = -3*v**3 - 166*v**2 + 498*v**2 - 168*v**2 - 165*v**2 + 1. What is q(b)?
-3
Let m(o) = -o**3 + 3*o**2 + 6*o - 5. Let v(p) = -p**2 + 9*p + 40. Suppose 4*s + 96 = 12*s. Let r be v(s). Determine m(r).
3
Suppose 3*z + 5*o + 7 = 2*z, -59 = -3*z + 5*o. Let r(h) = h**2 - 12*h - 4. Give r(z).
9
Let y = -18 - -3. Let r = -11 + y. Let m = r + 20. Let k(d) = -d**3 - 7*d**2 - 4*d + 5. What is k(m)?
-7
Let b(k) = k**2 + 14*k - 9. Suppose 4*q + 61 = -x, -77 = 4*q + 3*x - 14. Let s be b(q). Let p(d) = -4 - 2*d - d**3 + s*d**2 + 5*d - 8*d. Give p(5).
-4
Let q(d) be the third derivative of d**6/120 + 2*d**5/15 + d**4/3 + 3*d**3/2 + 81*d**2. Give q(-7).
2
Let z(d) = d**2 - 12 - 16*d - 11*d + 38*d - 7*d - 10*d. What is z(9)?
15
Let w(k) be the third derivative of -k**5/60 - k**4/24 + 16*k**3/3 - 24*k**2. Let z(q) be the first derivative of w(q). Suppose 4 = -3*s + 1. What is z(s)?
1
Let f(q) = 207*q + 27. Let b(d) = -1 - 1 + 5*d - 15*d - 6*d. Let z(y) = -27*b(y) - 2*f(y). Give z(1).
18
Suppose 5*r = 12 + 13. Let d(s) = -r + s + 0*s + 2*s. Let z be (-11)/(22/(-8)) - 0. Calculate d(z).
7
Let o(u) = u - 15. Let y be o(9). Let g(n) = -3*n + 1. Let p(q) = -3 - 2 - q + 4. Let v(x) = g(x) - 4*p(x). Determine v(y).
-1
Let k(i) = 8*i + 11. Let g(w) = 17*w + 29. Let c(r) = 2*g(r) - 5*k(r). What is c(7)?
-39
Let m(g) = g - 13. Let z(f) = f**2 + 5*f - 5. Let j be z(-6). Let k be 4*(-2)/((-16)/6). Suppose t + 2 + j = -k*r, -t = 5*r + 11. What is m(t)?
-4
Let u = -9 - -181/20. Let w(a) be the second derivative of -u*a**5 - a**2 + 3*a - 1/2*a**3 - 1/3*a**4 + 0. Give w(-3).
-2
Let y(b) be the third derivative of -b**6/120 - b**5/60 - 2*b**3 + 51*b**2 + 2. Give y(0).
-12
Let d(l) be the first derivative of -4*l**2 + l - 10. Let q be (0 + 2)*(-2)/(-4). Give d(q).
-7
Let y(r) = -r**2 - 9*r - 9. Let i(f) = f**2 + 31*f + 121. Let j be i(-26). Determine y(j).
-9
Let p(n) = 2*n + 2. Let o be p(11). Let y(g) = o*g + 4 - 4*g**2 - 21*g - 3*g**3 + 2*g**3. Give y(-4).
-8
Let y(n) = -4 + 5*n - 4*n - 5*n. Let c = -633 + 629. Calculate y(c).
12
Let l(m) be the first derivative of m**4/24 + m**3/3 - 3*m**2/2 - 1. Let b(w) be the second derivative of l(w). Calculate b(0).
2
Suppos